sands digit of 1581884?
8
What is the ten thousands digit of 30783696?
8
What is the hundred thousands digit of 18256483?
2
What is the units digit of 4516047?
7
What is the millions digit of 1101600?
1
What is the ten thousands digit of 133924?
3
What is the hundred thousands digit of 1392089?
3
What is the hundred thousands digit of 1012402?
0
What is the thousands digit of 836843?
6
What is the millions digit of 4284733?
4
What is the ten thousands digit of 24187316?
8
What is the hundred thousands digit of 2152922?
1
What is the units digit of 341687?
7
What is the tens digit of 485499?
9
What is the thousands digit of 1518406?
8
What is the hundreds digit of 5396155?
1
What is the ten thousands digit of 21237645?
3
What is the ten thousands digit of 2901866?
0
What is the thousands digit of 722776?
2
What is the units digit of 3951022?
2
What is the ten thousands digit of 2729030?
2
What is the tens digit of 48609?
0
What is the thousands digit of 1024689?
4
What is the hundred thousands digit of 690696?
6
What is the units digit of 15458?
8
What is the tens digit of 1866062?
6
What is the hundreds digit of 237814?
8
What is the millions digit of 2727700?
2
What is the thousands digit of 4303048?
3
What is the tens digit of 18405519?
1
What is the thousands digit of 5610641?
0
What is the tens digit of 24700933?
3
What is the thousands digit of 27166922?
6
What is the millions digit of 1191773?
1
What is the ten thousands digit of 333371?
3
What is the ten thousands digit of 826447?
2
What is the units digit of 14409757?
7
What is the hundred thousands digit of 21094929?
0
What is the thousands digit of 273061?
3
What is the tens digit of 37957?
5
What is the ten thousands digit of 22833?
2
What is the hundred thousands digit of 454715?
4
What is the hundred thousands digit of 166342?
1
What is the units digit of 3000?
0
What is the hundred thousands digit of 212454?
2
What is the ten millions digit of 15149092?
1
What is the hundreds digit of 525306?
3
What is the hundred thousands digit of 274113?
2
What is the ten thousands digit of 1433602?
3
What is the millions digit of 3262048?
3
What is the ten thousands digit of 100887?
0
What is the units digit of 13068772?
2
What is the hundreds digit of 203549?
5
What is the tens digit of 527551?
5
What is the ten thousands digit of 212046?
1
What is the ten thousands digit of 1029005?
2
What is the millions digit of 2115169?
2
What is the millions digit of 13538202?
3
What is the units digit of 1987621?
1
What is the tens digit of 969944?
4
What is the tens digit of 23322668?
6
What is the ten thousands digit of 124561?
2
What is the thousands digit of 4180385?
0
What is the hundred thousands digit of 776459?
7
What is the hundreds digit of 14026?
0
What is the units digit of 636507?
7
What is the hundred thousands digit of 8597687?
5
What is the hundred thousands digit of 4017654?
0
What is the hundred thousands digit of 19967294?
9
What is the ten millions digit of 15243702?
1
What is the ten thousands digit of 3163702?
6
What is the thousands digit of 1400431?
0
What is the tens digit of 3191231?
3
What is the millions digit of 4592060?
4
What is the ten thousands digit of 4169888?
6
What is the tens digit of 3979923?
2
What is the thousands digit of 1899257?
9
What is the thousands digit of 4914347?
4
What is the units digit of 266101?
1
What is the ten thousands digit of 9387788?
8
What is the hundreds digit of 1072177?
1
What is the units digit of 3434583?
3
What is the tens digit of 822201?
0
What is the ten thousands digit of 4721620?
2
What is the ten thousands digit of 119087?
1
What is the hundred thousands digit of 23048979?
0
What is the ten thousands digit of 11487?
1
What is the millions digit of 4231570?
4
What is the tens digit of 948550?
5
What is the tens digit of 2408443?
4
What is the hundreds digit of 920801?
8
What is the units digit of 508603?
3
What is the ten thousands digit of 113492?
1
What is the ten millions digit of 18559110?
1
What is the units digit of 672981?
1
What is the units digit of 1255986?
6
What is the ten thousands digit of 271020?
7
What is the thousands digit of 2084328?
4
What is the thousands digit of 905170?
5
What is the units digit of 656712?
2
What is the millions digit of 3128258?
3
What is the thousands digit of 39297?
9
What is the tens digit of 69876?
7
What is the hundred thousands digit of 493874?
4
What is the hundred thousands digit of 5156954?
1
What is the tens digit of 5884041?
4
What is the tens digit of 11285008?
0
What is the tens digit of 35229?
2
What is the ten thousands digit of 1421556?
2
What is the ten thousands digit of 930032?
3
What is the thousands digit of 742260?
2
What is the units digit of 8191?
1
What is the hundred thousands digit of 12431667?
4
What is the hundreds digit of 265585?
5
What is the units digit of 353593?
3
What is the ten thousands digit of 39140546?
4
What is the tens digit of 205277?
7
What is the tens digit of 10338225?
2
What is the units digit of 535328?
8
What is the thousands digit of 2527766?
7
What is the hundred thousands digit of 1316774?
3
What is the hundred thousands digit of 4612205?
6
What is the ten thousands digit of 27335829?
3
What is the thousands digit of 3391398?
1
What is the units digit of 981214?
4
What is the millions digit of 9927521?
9
What is the hundred thousands digit of 1295689?
2
What is the units digit of 228035?
5
What is the hundred thousands digit of 191249?
1
What is the thousands digit of 456765?
6
What is the ten millions digit of 16769599?
1
What is the hundreds digit of 167283?
2
What is the hundred thousands digit of 915862?
9
What is the thousands digit of 315351?
5
What is the thousands digit of 925719?
5
What is the units digit of 8295808?
8
What is the hundred thousands digit of 3799897?
7
What is the millions digit of 4497555?
4
What is the hundred thousands digit of 619408?
6
What is the hundred thousands digit of 209161?
2
What is the hundred thousands digit of 224411?
2
What is the hundreds digit of 2172688?
6
What is the hundreds digit of 3627033?
0
What is the tens digit of 2402905?
0
What is the units digit of 107930?
0
What is the hundreds digit of 973914?
9
What is the hundreds digit of 2084388?
3
What is the millions digit of 18713228?
8
What is the tens digit of 308324?
2
What is the hundreds digit of 255256?
2
What is the ten thousands digit of 76462?
7
What is the tens digit of 3011119?
1
What is the thousands digit of 11808726?
8
What is the ten thousands digit of 4527061?
2
What is the thousands digit of 5292842?
2
What is the ten millions digit of 11489015?
1
What is the units digit of 1231974?
4
What is the thousands digit of 15133748?
3
What is the hundreds digit of 97778?
7
What is the tens digit of 248501?
0
What is the tens digit of 11235203?
0
What is the ten thousands digit of 9052982?
5
What is the millions digit of 26638061?
6
What is the ten thousands digit of 7371125?
7
What is the thousands digit of 2067720?
7
What is the ten thousands digit of 646603?
4
What is the units digit of 575458?
8
What is the hundred thousands digit of 9500920?
5
What is the units digit of 706804?
4
What is the millions digit of 1109996?
1
What is the units digit of 150646?
6
What is the tens digit of 217897?
9
What is the hundreds digit of 4890249?
2
What is the tens digit of 847030?
3
What is the millions digit of 4678584?
4
What is the hundred thousands digit of 13081036?
0
What is the units digit of 57553?
3
What is the hundreds digit of 6805836?
8
What is the ten thousands digit of 247412?
4
What is the ten thousands digit of 1115605?
1
What is the ten thousands digit of 483118?
8
What is the tens digit of 6737116?
1
What is the hundred thousands digit of 555660?
5
What is the hundred thousands digit of 241941?
2
What is the hundreds digit of 6448737?
7
What is the thousands digit of 2296224?
6
What is the hundred thousands digit of 155963?
1
What is the tens digit of 123872?
7
What is the units digit of 3310801?
1
What is the hundreds digit of 1177844?
8
What is the ten thousands digit of 10457541?
5
What is the millions digit of 8640834?
8
What is the tens digit of 2746594?
9
What is the ten thousands digit of 1244047?
4
What is the t